4674499?
9
What is the units digit of 25632633?
3
What is the tens digit of 357923?
2
What is the ten thousands digit of 292096?
9
What is the thousands digit of 709206?
9
What is the hundreds digit of 1441832?
8
What is the hundred thousands digit of 11605459?
6
What is the thousands digit of 1135600?
5
What is the ten thousands digit of 2200299?
0
What is the thousands digit of 157634?
7
What is the thousands digit of 58528?
8
What is the thousands digit of 7930559?
0
What is the hundreds digit of 4892382?
3
What is the hundred thousands digit of 996088?
9
What is the hundreds digit of 30080879?
8
What is the hundred thousands digit of 1307270?
3
What is the tens digit of 5156222?
2
What is the hundred thousands digit of 412837?
4
What is the units digit of 240449?
9
What is the tens digit of 372923?
2
What is the tens digit of 13869461?
6
What is the tens digit of 13369194?
9
What is the units digit of 1314269?
9
What is the hundred thousands digit of 855089?
8
What is the tens digit of 3884952?
5
What is the hundreds digit of 936665?
6
What is the thousands digit of 1859701?
9
What is the hundred thousands digit of 7212010?
2
What is the thousands digit of 15950893?
0
What is the hundred thousands digit of 2218162?
2
What is the hundred thousands digit of 650768?
6
What is the hundred thousands digit of 256070?
2
What is the hundreds digit of 722644?
6
What is the hundred thousands digit of 375682?
3
What is the hundreds digit of 240495?
4
What is the tens digit of 7113482?
8
What is the hundreds digit of 30796?
7
What is the millions digit of 1739921?
1
What is the ten millions digit of 10273578?
1
What is the ten millions digit of 11067066?
1
What is the ten thousands digit of 2673619?
7
What is the units digit of 367133?
3
What is the hundred thousands digit of 8511514?
5
What is the units digit of 1379427?
7
What is the hundreds digit of 7487669?
6
What is the hundred thousands digit of 345871?
3
What is the units digit of 2612238?
8
What is the tens digit of 9654851?
5
What is the hundreds digit of 4989245?
2
What is the ten millions digit of 30574938?
3
What is the thousands digit of 5110624?
0
What is the thousands digit of 2658891?
8
What is the hundreds digit of 1147607?
6
What is the tens digit of 781650?
5
What is the ten thousands digit of 2134073?
3
What is the tens digit of 92723?
2
What is the thousands digit of 8133626?
3
What is the hundreds digit of 55389?
3
What is the hundred thousands digit of 109414?
1
What is the units digit of 46841?
1
What is the ten thousands digit of 532698?
3
What is the hundred thousands digit of 1988829?
9
What is the hundreds digit of 1066468?
4
What is the ten thousands digit of 8184721?
8
What is the ten thousands digit of 9117903?
1
What is the thousands digit of 71191?
1
What is the millions digit of 1615829?
1
What is the hundred thousands digit of 166632?
1
What is the tens digit of 368976?
7
What is the units digit of 3924270?
0
What is the units digit of 769?
9
What is the thousands digit of 10904707?
4
What is the hundred thousands digit of 244396?
2
What is the ten thousands digit of 956028?
5
What is the hundred thousands digit of 1650206?
6
What is the units digit of 512234?
4
What is the hundred thousands digit of 6516568?
5
What is the millions digit of 5624359?
5
What is the tens digit of 26124?
2
What is the thousands digit of 7730698?
0
What is the millions digit of 7949382?
7
What is the millions digit of 1955109?
1
What is the ten thousands digit of 1792738?
9
What is the hundreds digit of 1360555?
5
What is the tens digit of 375287?
8
What is the units digit of 495947?
7
What is the units digit of 235507?
7
What is the hundred thousands digit of 9107743?
1
What is the tens digit of 779245?
4
What is the tens digit of 24252?
5
What is the hundreds digit of 332227?
2
What is the thousands digit of 716026?
6
What is the ten thousands digit of 557184?
5
What is the units digit of 4064988?
8
What is the hundreds digit of 6822?
8
What is the units digit of 1066076?
6
What is the units digit of 174723?
3
What is the ten thousands digit of 3260399?
6
What is the thousands digit of 6818599?
8
What is the ten thousands digit of 954548?
5
What is the millions digit of 3066047?
3
What is the thousands digit of 34421293?
1
What is the ten thousands digit of 3800270?
0
What is the thousands digit of 1854942?
4
What is the hundred thousands digit of 7627572?
6
What is the units digit of 11189109?
9
What is the ten thousands digit of 73760?
7
What is the ten thousands digit of 171543?
7
What is the hundred thousands digit of 389756?
3
What is the hundred thousands digit of 2894553?
8
What is the millions digit of 4850846?
4
What is the thousands digit of 212841?
2
What is the hundred thousands digit of 10590094?
5
What is the hundreds digit of 22560093?
0
What is the ten thousands digit of 531881?
3
What is the hundred thousands digit of 295093?
2
What is the hundreds digit of 21783788?
7
What is the millions digit of 5173573?
5
What is the thousands digit of 4025413?
5
What is the millions digit of 1636330?
1
What is the tens digit of 1373208?
0
What is the ten thousands digit of 3339137?
3
What is the tens digit of 17248705?
0
What is the tens digit of 735533?
3
What is the tens digit of 946425?
2
What is the thousands digit of 1652243?
2
What is the hundreds digit of 1319046?
0
What is the tens digit of 315738?
3
What is the tens digit of 560675?
7
What is the millions digit of 5480346?
5
What is the units digit of 128350?
0
What is the tens digit of 121916?
1
What is the hundred thousands digit of 130119?
1
What is the hundreds digit of 3309599?
5
What is the tens digit of 490794?
9
What is the hundred thousands digit of 9918552?
9
What is the ten thousands digit of 4256445?
5
What is the hundreds digit of 826154?
1
What is the millions digit of 1369024?
1
What is the hundred thousands digit of 108062?
1
What is the ten thousands digit of 471427?
7
What is the hundreds digit of 2385495?
4
What is the hundreds digit of 232306?
3
What is the ten thousands digit of 366375?
6
What is the hundreds digit of 3047305?
3
What is the millions digit of 3129448?
3
What is the units digit of 615556?
6
What is the tens digit of 113637?
3
What is the hundreds digit of 132148?
1
What is the hundreds digit of 671734?
7
What is the ten thousands digit of 3193016?
9
What is the ten millions digit of 11805792?
1
What is the hundred thousands digit of 6998102?
9
What is the units digit of 9382487?
7
What is the units digit of 3932869?
9
What is the units digit of 115690?
0
What is the units digit of 1400370?
0
What is the hundred thousands digit of 183860?
1
What is the hundred thousands digit of 456021?
4
What is the units digit of 22047070?
0
What is the millions digit of 2451716?
2
What is the ten thousands digit of 79622?
7
What is the thousands digit of 215395?
5
What is the tens digit of 5129099?
9
What is the tens digit of 2134572?
7
What is the thousands digit of 6118602?
8
What is the ten thousands digit of 895066?
9
What is the tens digit of 21765092?
9
What is the ten thousands digit of 2637957?
3
What is the units digit of 125713?
3
What is the hundred thousands digit of 874650?
8
What is the hundreds digit of 3595441?
4
What is the hundred thousands digit of 2036679?
0
What is the hundreds digit of 143629?
6
What is the millions digit of 4980521?
4
What is the millions digit of 8276407?
8
What is the tens digit of 17309063?
6
What is the hundred thousands digit of 254674?
2
What is the millions digit of 26391348?
6
What is the thousands digit of 3958891?
8
What is the tens digit of 5747661?
6
What is the tens digit of 1754601?
0
What is the hundred thousands digit of 11637200?
6
What is the units digit of 262432?
2
What is the millions digit of 12048967?
2
What is the hundred thousands digit of 867270?
8
What is the units digit of 16899213?
3
What is the tens digit of 539403?
0
What is the millions digit of 9147749?
9
What is the thousands digit of 4710175?
0
What is the hundred thousands digit of 361075?
3
What is the ten thousands digit of 2104023?
0
What is the hundred thousands digit of 1249041?
2
What is the ten thousands digit of 5179064?
7
What is the hundreds digit of 71080?
0
Wh